{"id":860,"date":"2025-07-09T11:57:10","date_gmt":"2025-07-09T04:57:10","guid":{"rendered":"https:\/\/tunganhtransport.vn\/?page_id=860"},"modified":"2025-07-09T15:34:25","modified_gmt":"2025-07-09T08:34:25","slug":"dich-vu-van-chuyen-phuc-vu-hoi-nghi-su-kien","status":"publish","type":"page","link":"https:\/\/tunganhtransport.vn\/?page_id=860","title":{"rendered":"D\u1ecbch V\u1ee5 V\u1eadn Chuy\u1ec3n Ph\u1ee5c V\u1ee5 H\u1ed9i Ngh\u1ecb, S\u1ef1 Ki\u1ec7n"},"content":{"rendered":"<p><strong>D\u1ecaCH V\u1ee4 V\u1eacN CHUY\u1ec2N PH\u1ee4C V\u1ee4 H\u1ed8I NGH\u1eca, T\u1ed4 CH\u1ee8C S\u1ef0 KI\u1ec6N \u2013 GI\u1ea2I PH\u00c1P CHUY\u00caN NGHI\u1ec6P T\u1eea T\u00d9NG ANH TRANSPORT<\/strong><\/p>\n<p>T\u1ed5 ch\u1ee9c s\u1ef1 ki\u1ec7n th\u00e0nh c\u00f4ng kh\u00f4ng ch\u1ec9 n\u1eb1m \u1edf n\u1ed9i dung ch\u01b0\u01a1ng tr\u00ecnh hay kh\u00f4ng gian t\u1ed5 ch\u1ee9c, m\u00e0 c\u00f2n ph\u1ee5 thu\u1ed9c l\u1edbn v\u00e0o c\u00f4ng t\u00e1c h\u1eadu c\u1ea7n \u2013 \u0111\u1eb7c bi\u1ec7t l\u00e0 kh\u00e2u v\u1eadn chuy\u1ec3n. V\u1edbi kinh nghi\u1ec7m th\u1ef1c ti\u1ec5n v\u00e0 n\u0103ng l\u1ef1c chuy\u00ean m\u00f4n cao, T\u00f9ng Anh Transport cung c\u1ea5p d\u1ecbch v\u1ee5 v\u1eadn chuy\u1ec3n ph\u1ee5c v\u1ee5 h\u1ed9i ngh\u1ecb, h\u1ed9i th\u1ea3o v\u00e0 t\u1ed5 ch\u1ee9c s\u1ef1 ki\u1ec7n, cam k\u1ebft mang \u0111\u1ebfn gi\u1ea3i ph\u00e1p chuy\u00ean nghi\u1ec7p, \u0111\u1ed3ng b\u1ed9 v\u00e0 hi\u1ec7u qu\u1ea3 cho m\u1ecdi lo\u1ea1i h\u00ecnh ch\u01b0\u01a1ng tr\u00ecnh.<\/p>\n<p><strong>Gi\u1edbi thi\u1ec7u v\u1ec1 d\u1ecbch v\u1ee5 v\u1eadn chuy\u1ec3n s\u1ef1 ki\u1ec7n c\u1ee7a T\u00f9ng Anh Transport<\/strong><br \/>\nT\u00f9ng Anh Transport t\u1ef1 h\u00e0o l\u00e0 \u0111\u01a1n v\u1ecb \u0111\u1ed3ng h\u00e0nh c\u1ee7a nhi\u1ec1u t\u1ed5 ch\u1ee9c, doanh nghi\u1ec7p v\u00e0 c\u01a1 quan nh\u00e0 n\u01b0\u1edbc trong c\u00f4ng t\u00e1c v\u1eadn chuy\u1ec3n ph\u1ee5c v\u1ee5 s\u1ef1 ki\u1ec7n. Ch\u00fang t\u00f4i cung c\u1ea5p d\u1ecbch v\u1ee5 cho thu\u00ea xe s\u1ef1 ki\u1ec7n chuy\u00ean nghi\u1ec7p, \u0111\u00e1p \u1ee9ng linh ho\u1ea1t m\u1ecdi y\u00eau c\u1ea7u v\u1eadn chuy\u1ec3n v\u1edbi \u0111\u1ed9 ch\u00ednh x\u00e1c cao v\u00e0 ch\u1ea5t l\u01b0\u1ee3ng ph\u1ee5c v\u1ee5 v\u01b0\u1ee3t tr\u1ed9i.<\/p>\n<p><img loading=\"lazy\" src=\"https:\/\/tunganhtransport.vn\/wp-content\/uploads\/2025\/07\/1-20.jpg\" alt=\"\" width=\"1920\" height=\"986\" class=\"alignnone size-full wp-image-884\" srcset=\"https:\/\/tunganhtransport.vn\/wp-content\/uploads\/2025\/07\/1-20.jpg 1920w, https:\/\/tunganhtransport.vn\/wp-content\/uploads\/2025\/07\/1-20-779x400.jpg 779w, https:\/\/tunganhtransport.vn\/wp-content\/uploads\/2025\/07\/1-20-1400x719.jpg 1400w, https:\/\/tunganhtransport.vn\/wp-content\/uploads\/2025\/07\/1-20-768x394.jpg 768w, https:\/\/tunganhtransport.vn\/wp-content\/uploads\/2025\/07\/1-20-1536x789.jpg 1536w, https:\/\/tunganhtransport.vn\/wp-content\/uploads\/2025\/07\/1-20-600x308.jpg 600w\" sizes=\"(max-width: 1920px) 100vw, 1920px\" \/><\/p>\n<p><strong>D\u1ecbch v\u1ee5 v\u1eadn chuy\u1ec3n s\u1ef1 ki\u1ec7n ph\u00f9 h\u1ee3p cho m\u1ecdi nhu c\u1ea7u<\/strong><br \/>\n\u2022\tCh\u00fang t\u00f4i chuy\u00ean cung c\u1ea5p d\u1ecbch v\u1ee5 v\u1eadn chuy\u1ec3n cho c\u00e1c lo\u1ea1i h\u00ecnh s\u1ef1 ki\u1ec7n, bao g\u1ed3m:<br \/>\n\u2022\tH\u1ed9i ngh\u1ecb, h\u1ed9i th\u1ea3o chuy\u00ean ng\u00e0nh<br \/>\n\u2022\tS\u1ef1 ki\u1ec7n qu\u1ea3ng b\u00e1 s\u1ea3n ph\u1ea9m, khai tr\u01b0\u01a1ng<br \/>\n\u2022\tS\u1ef1 ki\u1ec7n doanh nghi\u1ec7p: l\u1ec5 k\u00fd k\u1ebft, k\u1ef7 ni\u1ec7m th\u00e0nh l\u1eadp, team building<br \/>\n\u2022\tS\u1ef1 ki\u1ec7n c\u00e1 nh\u00e2n: c\u01b0\u1edbi h\u1ecfi, h\u1ecdp m\u1eb7t, sinh nh\u1eadt<br \/>\n\u2022\tS\u1ef1 ki\u1ec7n ch\u00ednh ph\u1ee7, c\u01a1 quan nh\u00e0 n\u01b0\u1edbc<br \/>\n\u2022\tC\u00e1c s\u1ef1 ki\u1ec7n phi th\u01b0\u01a1ng m\u1ea1i, ch\u01b0\u01a1ng tr\u00ecnh thi\u1ec7n nguy\u1ec7n, c\u1ed9ng \u0111\u1ed3ng <\/p>\n<p>T\u00f9ng Anh Transport cung c\u1ea5p ph\u01b0\u01a1ng ti\u1ec7n v\u1eadn chuy\u1ec3n \u0111a d\u1ea1ng t\u1eeb 4 \u0111\u1ebfn 45 ch\u1ed7, \u0111\u00e1p \u1ee9ng t\u1ed1t m\u1ecdi quy m\u00f4 s\u1ef1 ki\u1ec7n, t\u1eeb nh\u00f3m nh\u1ecf \u0111\u1ebfn h\u00e0ng tr\u0103m kh\u00e1ch m\u1eddi.<br \/>\nL\u00fd do n\u00ean ch\u1ecdn T\u00f9ng Anh Transport cho d\u1ecbch v\u1ee5 v\u1eadn chuy\u1ec3n s\u1ef1 ki\u1ec7n.<\/p>\n<p><strong>1. K\u1ebf ho\u1ea1ch v\u1eadn chuy\u1ec3n b\u00e0i b\u1ea3n \u2013 ch\u00ednh x\u00e1c t\u1eebng chi ti\u1ebft<\/strong><\/p>\n<p>M\u1ed7i s\u1ef1 ki\u1ec7n \u0111\u1ec1u c\u00f3 y\u00eau c\u1ea7u ri\u00eang v\u1ec1 th\u1eddi gian, s\u1ed1 l\u01b0\u1ee3ng kh\u00e1ch m\u1eddi v\u00e0 \u0111i\u1ec3m \u0111\u00f3n\/tr\u1ea3 kh\u00e1c nhau. T\u00f9ng Anh Transport x\u00e2y d\u1ef1ng k\u1ebf ho\u1ea1ch v\u1eadn chuy\u1ec3n ho\u00e0n ch\u1ec9nh, ph\u00e2n lu\u1ed3ng tuy\u1ebfn c\u1ee5 th\u1ec3, c\u00f3 ph\u01b0\u01a1ng \u00e1n d\u1ef1 ph\u00f2ng v\u00e0 ph\u1ed1i h\u1ee3p ch\u1eb7t ch\u1ebd v\u1edbi ban t\u1ed5 ch\u1ee9c nh\u1eb1m \u0111\u1ea3m b\u1ea3o m\u1ecdi h\u00e0nh tr\u00ecnh \u0111\u1ec1u \u0111\u00fang gi\u1edd \u2013 \u0111\u00fang \u0111\u1ecba \u0111i\u1ec3m \u2013 \u0111\u00fang ti\u00eau chu\u1ea9n.<\/p>\n<p><strong>2. \u0110\u1ed9i xe \u0111a d\u1ea1ng t\u1eeb 4 \u0111\u1ebfn 45 ch\u1ed7 \u2013 ph\u00f9 h\u1ee3p m\u1ecdi quy m\u00f4<\/strong><\/p>\n<p>Ch\u00fang t\u00f4i s\u1edf h\u1eefu d\u00e0n ph\u01b0\u01a1ng ti\u1ec7n hi\u1ec7n \u0111\u1ea1i, bao g\u1ed3m:<br \/>\n\u2022\tXe 4 \u2013 7 ch\u1ed7 cho kh\u00e1ch VIP, chuy\u00ean gia, l\u00e3nh \u0111\u1ea1o c\u1ea5p cao<br \/>\n\u2022\tXe 16 \u2013 29 ch\u1ed7 cho nh\u00f3m kh\u00e1ch m\u1eddi, \u0111\u1ed9i h\u1eadu c\u1ea7n<br \/>\n\u2022\tXe 45 ch\u1ed7 cho \u0111o\u00e0n l\u1edbn, s\u1ef1 ki\u1ec7n quy m\u00f4 to\u00e0n qu\u1ed1c<br \/>\n<img loading=\"lazy\" src=\"https:\/\/tunganhtransport.vn\/wp-content\/uploads\/2025\/07\/2.1.jpg\" alt=\"\" width=\"1920\" height=\"1080\" class=\"alignnone size-full wp-image-885\" srcset=\"https:\/\/tunganhtransport.vn\/wp-content\/uploads\/2025\/07\/2.1.jpg 1920w, https:\/\/tunganhtransport.vn\/wp-content\/uploads\/2025\/07\/2.1-711x400.jpg 711w, https:\/\/tunganhtransport.vn\/wp-content\/uploads\/2025\/07\/2.1-1400x788.jpg 1400w, https:\/\/tunganhtransport.vn\/wp-content\/uploads\/2025\/07\/2.1-768x432.jpg 768w, https:\/\/tunganhtransport.vn\/wp-content\/uploads\/2025\/07\/2.1-1536x864.jpg 1536w, https:\/\/tunganhtransport.vn\/wp-content\/uploads\/2025\/07\/2.1-600x338.jpg 600w\" sizes=\"(max-width: 1920px) 100vw, 1920px\" \/><\/p>\n<p>T\u1ea5t c\u1ea3 xe \u0111\u1ec1u \u0111\u01b0\u1ee3c b\u1ea3o d\u01b0\u1ee1ng \u0111\u1ecbnh k\u1ef3, n\u1ed9i th\u1ea5t s\u1ea1ch \u0111\u1eb9p, \u0111i\u1ec1u h\u00f2a m\u00e1t m\u1ebb, \u0111\u1ea3m b\u1ea3o mang l\u1ea1i s\u1ef1 tho\u1ea3i m\u00e1i t\u1ed1i \u0111a cho h\u00e0nh kh\u00e1ch trong su\u1ed1t h\u00e0nh tr\u00ecnh.<\/p>\n<p><strong>3. Ph\u1ee5c v\u1ee5 chuy\u00ean nghi\u1ec7p \u2013 tr\u1ea3i nghi\u1ec7m ho\u00e0n h\u1ea3o<\/strong><\/p>\n<p>T\u00f9ng Anh Transport cam k\u1ebft cung c\u1ea5p d\u1ecbch v\u1ee5 v\u1eadn chuy\u1ec3n s\u1ef1 ki\u1ec7n chu\u1ea9n m\u1ef1c v\u1edbi th\u00e1i \u0111\u1ed9 ph\u1ee5c v\u1ee5 t\u1eadn t\u00e2m, ch\u1ec9n chu. C\u00e1c thao t\u00e1c nh\u01b0 \u0111\u00f3n ti\u1ebfp, m\u1edf c\u1eeda xe, h\u1ed7 tr\u1ee3 h\u00e0nh l\u00fd \u0111\u1ec1u \u0111\u01b0\u1ee3c \u0111\u00e0o t\u1ea1o k\u1ef9 l\u01b0\u1ee1ng, g\u00f3p ph\u1ea7n t\u1ea1o \u1ea5n t\u01b0\u1ee3ng t\u1ed1t \u0111\u1eb9p trong m\u1eaft kh\u00e1ch m\u1eddi tham d\u1ef1.<\/p>\n<p><strong>4. \u0110\u1ed9i ng\u0169 l\u00e1i xe kinh nghi\u1ec7m \u2013 giao ti\u1ebfp ti\u1ebfng Anh t\u1ed1t<\/strong><\/p>\n<p><img loading=\"lazy\" src=\"https:\/\/tunganhtransport.vn\/wp-content\/uploads\/2025\/07\/3-19.jpg\" alt=\"\" width=\"1920\" height=\"986\" class=\"alignnone size-full wp-image-887\" srcset=\"https:\/\/tunganhtransport.vn\/wp-content\/uploads\/2025\/07\/3-19.jpg 1920w, https:\/\/tunganhtransport.vn\/wp-content\/uploads\/2025\/07\/3-19-779x400.jpg 779w, https:\/\/tunganhtransport.vn\/wp-content\/uploads\/2025\/07\/3-19-1400x719.jpg 1400w, https:\/\/tunganhtransport.vn\/wp-content\/uploads\/2025\/07\/3-19-768x394.jpg 768w, https:\/\/tunganhtransport.vn\/wp-content\/uploads\/2025\/07\/3-19-1536x789.jpg 1536w, https:\/\/tunganhtransport.vn\/wp-content\/uploads\/2025\/07\/3-19-600x308.jpg 600w\" sizes=\"(max-width: 1920px) 100vw, 1920px\" \/><br \/>\nL\u00e1i xe c\u1ee7a T\u00f9ng Anh Transport \u0111\u01b0\u1ee3c tuy\u1ec3n ch\u1ecdn nghi\u00eam ng\u1eb7t, c\u00f3 kinh nghi\u1ec7m l\u00e2u n\u0103m, am hi\u1ec3u \u0111\u01b0\u1eddng s\u00e1 v\u00e0 c\u00f3 th\u1ec3 giao ti\u1ebfp b\u1eb1ng ti\u1ebfng Anh, \u0111\u1eb7c bi\u1ec7t ph\u00f9 h\u1ee3p v\u1edbi c\u00e1c s\u1ef1 ki\u1ec7n c\u00f3 y\u1ebfu t\u1ed1 qu\u1ed1c t\u1ebf, c\u00f3 kh\u00e1ch m\u1eddi n\u01b0\u1edbc ngo\u00e0i tham d\u1ef1.<\/p>\n<p><strong>5. Cam k\u1ebft \u0111\u00fang gi\u1edd \u2013 \u0111\u00fang \u0111\u1ecba \u0111i\u1ec3m \u2013 \u0111\u00fang ch\u1ea5t l\u01b0\u1ee3ng<\/strong><\/p>\n<p>T\u00f9ng Anh Transport lu\u00f4n \u0111\u1ec1 cao t\u00ednh k\u1ef7 lu\u1eadt trong v\u1eadn h\u00e0nh. Ch\u00fang t\u00f4i cam k\u1ebft th\u1eddi gian \u0111\u01b0a \u0111\u00f3n ch\u00ednh x\u00e1c tuy\u1ec7t \u0111\u1ed1i, \u0111\u1ea3m b\u1ea3o kh\u00f4ng \u1ea3nh h\u01b0\u1edfng \u0111\u1ebfn ti\u1ebfn \u0111\u1ed9 ch\u01b0\u01a1ng tr\u00ecnh. S\u1ef1 uy t\u00edn trong cam k\u1ebft l\u00e0 y\u1ebfu t\u1ed1 khi\u1ebfn nhi\u1ec1u doanh nghi\u1ec7p, t\u1ed5 ch\u1ee9c l\u1edbn tin t\u01b0\u1edfng \u0111\u1ed3ng h\u00e0nh l\u00e2u d\u00e0i.<\/p>\n<p><img loading=\"lazy\" src=\"https:\/\/tunganhtransport.vn\/wp-content\/uploads\/2025\/07\/4-3.jpg\" alt=\"\" width=\"1241\" height=\"1653\" class=\"alignnone size-full wp-image-888\" srcset=\"https:\/\/tunganhtransport.vn\/wp-content\/uploads\/2025\/07\/4-3.jpg 1241w, https:\/\/tunganhtransport.vn\/wp-content\/uploads\/2025\/07\/4-3-300x400.jpg 300w, https:\/\/tunganhtransport.vn\/wp-content\/uploads\/2025\/07\/4-3-601x800.jpg 601w, https:\/\/tunganhtransport.vn\/wp-content\/uploads\/2025\/07\/4-3-768x1023.jpg 768w, https:\/\/tunganhtransport.vn\/wp-content\/uploads\/2025\/07\/4-3-1153x1536.jpg 1153w, https:\/\/tunganhtransport.vn\/wp-content\/uploads\/2025\/07\/4-3-600x799.jpg 600w\" sizes=\"(max-width: 1241px) 100vw, 1241px\" \/><br \/>\n<strong>T\u00f9ng Anh Transport \u2013 \u0110\u1ed1i t\u00e1c v\u1eadn chuy\u1ec3n s\u1ef1 ki\u1ec7n tin c\u1eady c\u1ee7a b\u1ea1n<\/strong><br \/>\nKh\u00f4ng ch\u1ec9 l\u00e0 \u0111\u01a1n v\u1ecb cho thu\u00ea xe, T\u00f9ng Anh Transport l\u00e0 \u0111\u1ed1i t\u00e1c \u0111\u1ed3ng h\u00e0nh c\u00f9ng th\u00e0nh c\u00f4ng c\u1ee7a h\u00e0ng tr\u0103m s\u1ef1 ki\u1ec7n l\u1edbn nh\u1ecf t\u1ea1i H\u00e0 N\u1ed9i v\u00e0 c\u00e1c t\u1ec9nh th\u00e0nh. V\u1edbi \u0111\u1ed9i ng\u0169 gi\u00e0u kinh nghi\u1ec7m, ph\u01b0\u01a1ng ti\u1ec7n ch\u1ea5t l\u01b0\u1ee3ng cao v\u00e0 t\u00e1c phong ph\u1ee5c v\u1ee5 chuy\u00ean nghi\u1ec7p, ch\u00fang t\u00f4i t\u1ef1 tin mang \u0111\u1ebfn gi\u1ea3i ph\u00e1p v\u1eadn chuy\u1ec3n t\u1ed1i \u01b0u \u2013 linh ho\u1ea1t \u2013 hi\u1ec7u qu\u1ea3 cho m\u1ecdi kh\u00e1ch h\u00e0ng.<br \/>\n<strong>T\u00f9ng Anh Transport \u2013 Chuy\u00ean nghi\u1ec7p trong t\u1eebng h\u00e0nh tr\u00ecnh \u2013 \u0110\u1ed3ng h\u00e0nh c\u00f9ng th\u00e0nh c\u00f4ng c\u1ee7a s\u1ef1 ki\u1ec7n. <\/strong><em><\/p>\n","protected":false},"excerpt":{"rendered":"<p>D\u1ecaCH V\u1ee4 V\u1eacN CHUY\u1ec2N PH\u1ee4C V\u1ee4 H\u1ed8I NGH\u1eca, T\u1ed4 CH\u1ee8C S\u1ef0 KI\u1ec6N \u2013 GI\u1ea2I PH\u00c1P CHUY\u00caN NGHI\u1ec6P T\u1eea T\u00d9NG ANH TRANSPORT T\u1ed5 ch\u1ee9c s\u1ef1 ki\u1ec7n th\u00e0nh c\u00f4ng kh\u00f4ng ch\u1ec9 n\u1eb1m \u1edf n\u1ed9i dung ch\u01b0\u01a1ng tr\u00ecnh hay kh\u00f4ng gian t\u1ed5 ch\u1ee9c, m\u00e0 c\u00f2n ph\u1ee5 thu\u1ed9c l\u1edbn v\u00e0o c\u00f4ng t\u00e1c h\u1eadu c\u1ea7n \u2013 \u0111\u1eb7c bi\u1ec7t l\u00e0 kh\u00e2u [&#8230;]\n","protected":false},"author":1,"featured_media":888,"parent":229,"menu_order":0,"comment_status":"closed","ping_status":"closed","template":"","meta":[],"acf":[],"_links":{"self":[{"href":"https:\/\/tunganhtransport.vn\/index.php?rest_route=\/wp\/v2\/pages\/860"}],"collection":[{"href":"https:\/\/tunganhtransport.vn\/index.php?rest_route=\/wp\/v2\/pages"}],"about":[{"href":"https:\/\/tunganhtransport.vn\/index.php?rest_route=\/wp\/v2\/types\/page"}],"author":[{"embeddable":true,"href":"https:\/\/tunganhtransport.vn\/index.php?rest_route=\/wp\/v2\/users\/1"}],"replies":[{"embeddable":true,"href":"https:\/\/tunganhtransport.vn\/index.php?rest_route=%2Fwp%2Fv2%2Fcomments&post=860"}],"version-history":[{"count":4,"href":"https:\/\/tunganhtransport.vn\/index.php?rest_route=\/wp\/v2\/pages\/860\/revisions"}],"predecessor-version":[{"id":883,"href":"https:\/\/tunganhtransport.vn\/index.php?rest_route=\/wp\/v2\/pages\/860\/revisions\/883"}],"up":[{"embeddable":true,"href":"https:\/\/tunganhtransport.vn\/index.php?rest_route=\/wp\/v2\/pages\/229"}],"wp:featuredmedia":[{"embeddable":true,"href":"https:\/\/tunganhtransport.vn\/index.php?rest_route=\/wp\/v2\/media\/888"}],"wp:attachment":[{"href":"https:\/\/tunganhtransport.vn\/index.php?rest_route=%2Fwp%2Fv2%2Fmedia&parent=860"}],"curies":[{"name":"wp","href":"https:\/\/api.w.org\/{rel}","templated":true}]}}